 units digit of b?
1
Let a(i) = 261*i**3 + i**2 + 3*i - 26. What is the tens digit of a(3)?
3
Let z be (-3)/(21/2) + 26/(-7). Let u(t) = t**2 - 3*t - 22. Let k be u(7). What is the units digit of z/6*(-1233)/k?
7
Suppose -2*s + 16 = 3*c, -20*c = 3*s - 15*c - 26. Let a = -187 + 94. What is the tens digit of -6*s*a/6?
8
Suppose -5*v = -2*c - 6712, 3*v - 3*c = -1982 + 6011. Let s = -739 + v. What is the units digit of s?
3
Let f be (-1)/4*0*(-8)/(-16). Suppose -5*v + 26 - 21 = f. What is the units digit of v + (-3)/(6/(-29))*2?
0
Let l(f) = 808*f - 1954. What is the units digit of l(17)?
2
Suppose 3*x + k = 10, -5*k = 2*x + 15 - 0. Suppose -15 = -8*i + 3*i. Suppose -i*n - 144 = -x*n. What is the tens digit of n?
7
What is the ten thousands digit of 9 + (-42)/3 - -12778?
1
Suppose f - 545 = 2*j, 0*j = f + 5*j - 545. Suppose 876*g - 871*g - f = 0. What is the hundreds digit of g?
1
Suppose 186123 = 26*x - 1556813. What is the units digit of x?
6
Let a(t) = 32*t**3 + 3*t**2 - 5*t + 1. Suppose -2*j = -5*j + 6. What is the units digit of a(j)?
9
Let q(a) = 63*a + 123. Let j(c) = 186*c + 369. Let l(f) = -2*j(f) + 7*q(f). What is the tens digit of l(11)?
8
Suppose n = -0*n + 6. Suppose 2*m - 6 = -n. Suppose m = -5*o + 8*o - 84. What is the tens digit of o?
2
Suppose 0 = -26*g + 21*g + 3020. What is the tens digit of 3/(12/8) + g - 0?
0
Let r(w) = -4*w**2 + 11*w - 3. Let i be r(10). Let g = 393 + i. What is the hundreds digit of g?
1
Let p(l) = 33*l - 19. Suppose 3*q - 10 = 8. Let f be p(q). Let v = f - 107. What is the tens digit of v?
7
What is the thousands digit of -3 + (-115 - 19)*1/2*-173?
1
Suppose -15*q + 37884 = 5912 - 209678. What is the ten thousands digit of q?
1
Let a(b) = b - 1. Let j(k) = -1645*k**3 + 5*k**2 + 11*k + 1. Let w(r) = -3*a(r) + j(r). What is the hundreds digit of w(-1)?
6
Suppose -2*l + 3*f + 25 = 0, 5*l - 12 = -5*f + 13. Suppose l*r = 10*r - 6. Suppose 5*c + r*d - 416 = -0*d, -4*c + 325 = 5*d. What is the tens digit of c?
8
Let a be (34 - -2)/((11/2)/11). Let k be 0/(a/60 + (-2)/10). Suppose -366 = -2*q - q + t, k = 5*q - 2*t - 609. What is the units digit of q?
3
What is the units digit of 3/(54/147524) + ((-20)/(-90))/1?
6
Suppose -12 - 12 = -8*s. Let i be (-80)/200 + s/((-15)/(-2)). Suppose i = -2*k + h + 69, -4*h + 111 = 3*k - 8*h. What is the units digit of k?
3
Suppose k + 26 = 2*i + 14, -5*i + 41 = 3*k. Let z be (8/6)/((-4)/(-78)). What is the hundreds digit of 5594/26 + ((-28)/z)/i?
2
Suppose -7*h + 5*h = -32. Let c(q) = 17*q - h - 21 + 8. What is the units digit of c(5)?
6
Let z(w) be the first derivative of w**3 + 4*w**2 + 8*w - 3. What is the tens digit of z(-3)?
1
Let a = -352 - -5177. What is the hundreds digit of a?
8
Let g be (-49)/(-7)*-1*(-10)/14. Suppose 165 = 4*w - 5*n, -w + 0*w - g*n = -10. What is the units digit of w?
5
Suppose 5*o = 3*s - 24, -5*o = -5*s + 7*s + 9. Suppose -404 = -s*k + 763. What is the tens digit of k?
8
Let d(a) = -36*a + 183. Let n be d(6). What is the units digit of (n - 684)/(3/(-4))?
6
Suppose 17*b - 63284 = 14049. What is the units digit of b?
9
Suppose -21*m - 26121 + 97819 = -143594. What is the thousands digit of m?
0
Let b(q) = q**2 - 2*q - 1. Let v(z) = -z**3 + 4*z**2 + 11*z - 15. Let g be v(5). What is the hundreds digit of b(g)?
1
Suppose -2*v - 52 = -40. Let a = v - -30. What is the units digit of a?
4
Let i = 4338 - -1039. Suppose -5*g + 7269 = 5*d - 1701, -3*g - 2*d = -i. Suppose g = 13*v + 593. What is the tens digit of v?
9
Let i(l) = -7*l**2 + 26*l - 27. Let w be i(19). Let q = w + 3063. Suppose -229 = 6*h - q. What is the hundreds digit of h?
1
Let o be ((-12)/30)/((-2)/(-20)). What is the tens digit of (-5 - -151)*(-2)/o?
7
Let p(d) = -22*d - 121. Let g be p(-14). What is the hundreds digit of 59070/g - (-2)/(-17)*-1?
3
Suppose 9*j - 10388 = 5*j. Suppose 235 = 8*v - j. Suppose 0 = 6*l - 3*l - v. What is the units digit of l?
8
Let j(u) = 129*u**3 + 29*u**2 + 3*u - 6. Let n(q) = 43*q**3 + 10*q**2 + q - 2. Let h(o) = 6*j(o) - 17*n(o). What is the hundreds digit of h(3)?
1
Let i = -418 - 108. Let t = -228 - i. What is the units digit of t?
8
Let z(q) = 15 - 33 - 14 + 69*q. What is the tens digit of z(4)?
4
Suppose 4*b - 2*v = -2 + 14, 0 = -3*b + 5*v + 16. Suppose -5*c + b*i = -2856, 10*c - 12*c + i + 1143 = 0. What is the hundreds digit of c?
5
Suppose 67*c = 52*c + 270. Let q(u) = 66*u - 237. What is the tens digit of q(c)?
5
Let v(d) = 54*d**2 - 2*d - 1. Let z be v(2). Suppose -z = 12*w - 13*w. What is the tens digit of w?
1
Let t be 36/(-162) - (-76)/18. Let g(s) = -s**3 + 3*s**2 + 5*s + 1. Let k be g(t). Suppose k*h - 476 = 4*z, 2*z + 99 = -2*h + 275. What is the tens digit of h?
9
Suppose -o + 166 = 4*v, -5*v - 122 - 71 = -o. Let y = 203 + o. What is the hundreds digit of y?
3
Let v be (-5)/((-150)/4) + (-18920)/150. What is the tens digit of (-72)/v - 2890/(-14)?
0
Let m(q) = -10*q**3 - 19*q**2 - 49*q - 277. What is the ten thousands digit of m(-16)?
3
Let x(j) = j + 14. Let u be x(13). Let a = 35 - u. What is the tens digit of 458/a + (-1)/4?
5
Suppose 8*j - 2*z - 103480 = 0, 5*j - z - 68566 = -3890. What is the tens digit of j?
3
Let p be (0 - -4)/(24/18). Suppose -18 = -p*u - 3. Suppose 2*m + 45 = u*t, 0 = 2*t - 0*m - m - 18. What is the units digit of t?
9
Let k(z) = 13*z**2 + 20*z - 97. Let f be k(4). Let o = 227 - f. What is the tens digit of o?
3
What is the units digit of 2*110/4*20?
0
Let o(a) = 3*a - 1 + 4 + 225*a**2 - a**2. Let x be 1 + -14 - (200 - 212). What is the tens digit of o(x)?
2
Let t(q) = 3947*q + 6059. What is the ten thousands digit of t(22)?
9
Suppose 4*x - g = 1030, 2*x - 270 - 240 = -2*g. Let r = 264 - x. What is the units digit of r?
7
Let g(r) = 24*r**2 - 152*r - 3619. What is the units digit of g(-33)?
3
Let j = -1220 + 722. Let o = j - -1179. What is the units digit of o?
1
Let s(j) = 3*j**3 - 27*j**2 + 29*j - 170. What is the units digit of s(19)?
1
Let o be 10/(-4) - 17510/(-20). Let a = o + -464. What is the tens digit of a?
0
Let c = 2597 - 1800. Let j = c + 272. What is the units digit of j?
9
Suppose s = -4*s - 15*s + 883060. What is the hundreds digit of s?
1
Let g(m) = -m**2 - 28*m + 65. Let y be g(-23). Suppose -2*f - 318 = -4*q, y - 570 = -5*q - 5*f. What is the units digit of q?
9
What is the units digit of 1948683/22*(-6)/(-9)?
1
Suppose 10*g = 5*q + 11*g - 23011, 0 = -4*q + 4*g + 18404. Suppose 86*c = 80*c + q. What is the tens digit of c?
6
Let f(s) = -2*s**3 + 75*s**2 - 37*s + 3. Let n be f(37). Suppose -n*a = -4*p + 3020, 12*p = 8*p - 2*a + 3020. What is the hundreds digit of p?
7
Let l = 109 + -104. Suppose f - 232 = l*i, 0*f = -2*f - 4*i + 520. What is the units digit of f?
2
Let j(n) = 56 - 35 - 5*n - 88 - 55 + 41*n. What is the units digit of j(18)?
6
Let u(g) = g**2 + g. Let f(o) = o**3 + 9*o**2 + 2*o - 5. Let c(a) = f(a) - 4*u(a). Let t be c(-5). What is the units digit of (8/(-10))/(2/t) - -7?
5
Suppose 0 = 19*m + 211 - 6500. Suppose 0 = k + 2*n - 553, 3*n - m = 5*k - 3135. What is the units digit of k?
9
Let v(f) = 8*f + 15. Let w be v(7). Let n = 21 + w. Suppose n*m - 156 = 86*m. What is the tens digit of m?
2
Let d be (-246)/(-15)*40/16. Let u be 48 - 1 - 10/((-40)/12). Let i = d + u. What is the units digit of i?
1
Suppose -1938*u + 1865*u + 2512806 = 0. What is the tens digit of u?
2
Let l(a) = -1473*a + 954. What is the tens digit of l(-3)?
7
What is the tens digit of 8/(104/(-221))*-2099?
8
Let h(n) = -n**3 - 16*n**2 + 18*n + 38. Let i be h(-17). Let t = i - -376. What is the units digit of t?
7
Suppose 4*l + 4*b - 35 = -l, -2*b = -4*l + 28. What is the tens digit of (-1 - 187)/(l*13/(-728))?
0
Let p(b) = b**3 + 66*b**2 - 259*b - 47. What is the hundreds digit of p(-68)?
3
Suppose 63 + 153 = -6*n. Let w be (-1 + (-786)/10)/(n/90). Let t = w + -138. What is the units digit of t?
1
Let o = -1932 + 3574. Suppose o + 5126 = 12*z. What is the hundreds digit of z?
5
Let i(t) = 3*t + 19. Let n be i(-4). What is the units digit of n + 90 + (-4)/12*-3?
8
Let f(w) be the second derivative of w**3/2 - w**2 - 22*w. Let x be f(5). Suppose -6*p - 686 = -x*p. What is the tens digit of p?
9
Let t = -78 + 78. Suppose t = 3*s + 3*m + 966, 5*s - 2*m - 72 + 1654 = 0. Let o = s + 492. What is the tens digit of o?
7
Su